 divide 243561829?
False
Is 87 a factor of 220900569?
True
Is 17 a factor of 1884718260?
True
Is 3793502623 a multiple of 1223?
True
Is 29005961 a multiple of 7?
False
Is 663 a factor of 1644343206?
False
Is 448915447 a multiple of 88?
False
Is 20 a factor of 595333447?
False
Is 67416923 a multiple of 854?
False
Is 778432270 a multiple of 154?
True
Does 1142 divide 661806130?
True
Is 222 a factor of 17747346?
True
Does 11 divide 1899067412?
True
Is 436064720 a multiple of 104?
True
Does 22 divide 21062646?
True
Does 1031 divide 671827200?
False
Is 63 a factor of 33126345?
True
Is 39 a factor of 22607810?
False
Is 316148640 a multiple of 17?
False
Is 696 a factor of 61075657?
False
Is 11 a factor of 9564053?
False
Is 22425852 a multiple of 19?
True
Is 538 a factor of 2988148302?
True
Is 2345 a factor of 13994960?
True
Is 53500524 a multiple of 12?
True
Does 2504 divide 105611208?
True
Is 1075 a factor of 27388561?
False
Does 5 divide 102742280?
True
Does 87 divide 69760167?
True
Does 6 divide 1707545263?
False
Is 186033106 a multiple of 2442?
False
Does 6477 divide 1095455900?
False
Does 317 divide 5457155?
True
Is 11113089 a multiple of 67?
True
Is 395074064 a multiple of 4697?
True
Does 63 divide 31538161?
False
Does 468 divide 224018496?
True
Is 251 a factor of 149309860?
True
Does 323 divide 4232290?
False
Does 14 divide 20803833?
False
Is 4549 a factor of 194360574?
True
Is 103478710 a multiple of 965?
False
Does 10 divide 22245290?
True
Is 1767823960 a multiple of 245?
True
Does 31 divide 87534271?
False
Is 5298105 a multiple of 3?
True
Is 32966427 a multiple of 177?
True
Is 25 a factor of 56115650?
True
Is 7414 a factor of 18590353?
False
Does 375 divide 3101123041?
False
Is 45792037 a multiple of 201?
False
Is 66007530 a multiple of 1746?
True
Is 614 a factor of 373345554?
False
Is 63979031 a multiple of 1455?
False
Is 20 a factor of 3420954580?
True
Is 122 a factor of 373564976?
True
Is 1703725924 a multiple of 1094?
False
Is 17 a factor of 22559360?
False
Is 61463314 a multiple of 13?
False
Does 80 divide 4701190?
False
Is 114408000 a multiple of 1400?
True
Is 10 a factor of 136308304?
False
Is 819 a factor of 40875175?
False
Does 157 divide 13649525?
False
Does 88 divide 101608049?
False
Is 94 a factor of 1300302?
True
Does 4 divide 7255336?
True
Is 3101683300 a multiple of 775?
True
Does 16 divide 2384239533?
False
Is 1256748224 a multiple of 2277?
False
Is 651 a factor of 373070316?
False
Is 84 a factor of 13123133?
False
Is 291140120 a multiple of 6163?
True
Is 811535916 a multiple of 11?
False
Is 246 a factor of 37637843?
False
Is 11397375 a multiple of 125?
True
Is 405787693 a multiple of 19?
True
Is 2600343 even?
False
Is 74019354 a multiple of 95?
False
Is 222740280 a multiple of 1647?
True
Is 3631 a factor of 318652929?
True
Is 44304208 a multiple of 407?
False
Does 146 divide 34503596?
True
Is 15 a factor of 54071160?
True
Does 1185 divide 167394285?
True
Is 33148986 a multiple of 122?
True
Is 19 a factor of 586006185?
False
Is 3 a factor of 9209775?
True
Is 33409950 a multiple of 2350?
True
Is 74922486 a multiple of 109?
False
Is 177424470 a multiple of 30?
True
Does 2202 divide 1336614?
True
Is 45041350 a multiple of 290?
True
Is 11 a factor of 26564153?
True
Does 197 divide 2012381316?
False
Does 1250 divide 1620616250?
True
Is 376649684 a multiple of 25?
False
Is 28501704 a multiple of 1749?
True
Is 56009481 a multiple of 8?
False
Is 833 a factor of 2684060714?
False
Is 597 a factor of 10287955?
False
Is 2932755918 a multiple of 17?
True
Does 7 divide 43977493?
True
Is 128177797 a multiple of 583?
True
Is 184427547 a multiple of 1311?
True
Does 60 divide 35113844?
False
Is 6096 a factor of 12417552?
True
Is 27294250 a multiple of 2632?
False
Does 15 divide 9022806?
False
Does 10134 divide 1400580227?
False
Is 70124086 a multiple of 733?
False
Is 1146383841 a multiple of 47?
False
Does 1393 divide 448885892?
True
Is 1878304 a multiple of 316?
True
Is 4892122 a multiple of 13?
False
Is 5 a factor of 857808816?
False
Is 169187656 a multiple of 996?
False
Is 3443093 a multiple of 39?
False
Does 7175 divide 727082513?
False
Is 69074616 a multiple of 52?
True
Is 1403 a factor of 53230078?
False
Does 1183 divide 8019557?
True
Does 39 divide 7260490?
False
Does 15 divide 39910320?
True
Is 3 a factor of 584501?
False
Is 87712640 a multiple of 32?
True
Does 7 divide 1411151?
True
Is 4510 a factor of 762395584?
False
Is 27 a factor of 30441168?
False
Does 486 divide 5199507644?
False
Is 119975186 a multiple of 27?
False
Is 1537 a factor of 7082496?
True
Does 163 divide 2035582957?
True
Is 108 a factor of 223811964?
True
Is 122117778 a multiple of 229?
False
Does 1209 divide 408642?
True
Is 87519063 a multiple of 4?
False
Is 323757807 a multiple of 1078?
False
Is 11 a factor of 6048238?
False
Does 9 divide 161764983?
True
Does 48 divide 63825216?
True
Is 180 a factor of 11310300?
True
Is 1955 a factor of 2167528050?
True
Does 985 divide 94460846?
False
Does 19 divide 1339610287?
False
Is 111980305 a multiple of 122?
False
Does 272 divide 542383282?
False
Does 290 divide 33321290?
True
Is 184 a factor of 188742968?
True
Is 448198767 a multiple of 393?
False
Does 4623 divide 399001884?
True
Is 28 a factor of 154693476?
True
Does 74 divide 48528307?
False
Is 41 a factor of 60958475?
False
Is 75369961 a multiple of 378?
False
Is 328646640 a multiple of 371?
True
Is 10 a factor of 4002020?
True
Does 144 divide 533958515?
False
Does 131 divide 54128132?
False
Is 933812226 even?
True
Is 67 a factor of 532174769?
True
Does 288 divide 63629280?
True
Is 42618490 a multiple of 108?
False
Does 777 divide 1207224567?
False
Is 544 a factor of 24655712?
True
Is 49 a factor of 4291126?
True
Does 5 divide 53119470?
True
Is 2499490939 a multiple of 19?
False
Does 1039 divide 4174456796?
True
Does 52 divide 608630544?
False
Does 24 divide 80989056?
True
Is 61 a factor of 645608689?
True
Is 12 a factor of 2815932228?
True
Is 2242 a factor of 1431012550?
True
Is 54 a factor of 390575412?
True
Is 287 a factor of 47335213?
False
Is 222910068 a multiple of 4594?
True
Is 1168936439 a multiple of 11?
True
Is 70817256 a multiple of 76?
True
Does 3322 divide 3365219220?
True
Does 191 divide 203961028?
False
Does 1297 divide 70622910?
False
Does 10 divide 53344847?
False
Is 176 a factor of 16038313?
False
Is 899 a factor of 33225448?
False
Does 20 divide 58441618?
False
Is 466 a factor of 90994422?
True
Does 3 divide 7590318?
True
Is 5 a factor of 110346235?
True
Is 117063760 a multiple of 495?
False
Is 989 a factor of 3758361?
False
Is 228 a factor of 32616084?
True
Is 22 a factor of 10209235?
False
Does 98 divide 1130117?
False
Is 684 a factor of 2255858676?
True
Is 26 a factor of 97697834?
True
Does 97 divide 413597651?
False
Does 4752 divide 172829235?
False
Does 13 divide 2382216083?
True
Is 28503810 a multiple of 522?
True
Is 74 a factor of 79454509?
False
Is 149319396 a multiple of 5958?
True
Does 151 divide 6470350?
True
Is 20891385 a multiple of 2295?
True
Is 4515 a factor of 788964645?
True
Does 3072 divide 141109248?
True
Is 113378985 a multiple of 15?
True
Does 4359 divide 337401561?
False
Is 6081 a factor of 434605117?
False
Does 157 divide 36865288?
False
Is 3761 a factor of 66154859?
False
Is 5 a factor of 17602430?
True
Is 3849438852 a multiple of 12?
True
Is 1168 a factor of 2893113808?
True
Does 3243 divide 179662200?
True
Is 1602 a factor of 1162191038?
False
Is 29537254 a multiple of 5?
False
Is 1282 a factor of 200621683?
False
Is 20327256 a multiple of 309?
True
Is 22 a factor of 667003?
False
Is 69668863 a multiple of 23?
True
Does 6 divide 155279567?
False
Is 15 a factor of 234090081?
False
Is 15784047 a multiple of 25?
False
Is 34 a factor of 243797814?
False
Is 1211029 a multiple of 17?
True
Is 536 a factor of 225158361?
False
Is 3298281 a multiple of 26?
False
Does 130 divide 7558200?
True
Is 25167523 a multiple of 484?
False
Is 33803844 a multiple of 28?
False
Is 2938782 a multiple of 231?
True
Is 3135341443 a multiple of 457?
False
Is 3974 a factor of 153086671?
False
Is 228 a factor of 1481363196?
True
Does 3825 divide 606288588?
False
Is 317 a factor of 45162079?
False
Is 76 a factor of 629708260?
True
Is 12652572 even?
True
